{"id":41200,"date":"2025-02-17T21:27:21","date_gmt":"2025-02-17T20:27:21","guid":{"rendered":"https:\/\/sassenvlagg.org\/?page_id=41200"},"modified":"2026-03-21T11:44:33","modified_gmt":"2026-03-21T10:44:33","slug":"impressum","status":"publish","type":"page","link":"http:\/\/sassenflagg.org\/de\/impressum\/","title":{"rendered":"Impressum"},"content":{"rendered":"<p>Anbieter:<br>Kevin Behrens<br>Westerstr. 98-104<br>28199 Bremen<\/p>\n\n\n\n<p>Kontakt:<br>E-Mail: info (at) sassenflagg.org<br>Website: www.sassenflagg.org<\/p>\n\n\n\n<p>Bei redaktionalen Inhalten:<br>Verantwortlich gem\u00e4\u00df \u00a7 18 Abs. 2 MStV<br>Kevin Behrens<\/p>\n\n\n\n<p>Haftungsausschluss<br>Ich hafte nicht f\u00fcr die Inhalte externer Links, obwohl ich diese mit Sorgfalt \u00fcberpr\u00fcfe. F\u00fcr den Inhalt von verlinkten Seiten sind ausschlie\u00dflich die Betreiber verantwortlich.<\/p>\n\n\n\n<p>Urheberrecht:<br>Die auf dieser Website ver\u00f6ffentlichten Inhalte unterstehen dem deutschen Urheberrecht. Vervielf\u00e4ltigung, Bearbeitung, Verbreitung und jegliche Art von Verwertung bed\u00fcrfen der Zustimmung des Rechteinhabers.<\/p>","protected":false},"excerpt":{"rendered":"<p>Anbeder:Kevin BehrensWesterstr. 98-10428199 Bremen Kuntakt:E-Mail: info (at) sassenflagg.orgWebsite: www.sassenflagg.org Bi redakschonelle Inhoolden:Verantwoordlich na \u00a7 18 Afs. 2 MStVKevin Behrens Uutsloot vun&#8217;t Liekstaan:Ik kann nich f\u00f6r de Inhoolden vun externe Lenken liekstaan, liekers ik de mit Sorgvoligkeid \u00f6verpr\u00f6\u00f6v. F\u00f6r den Inhoold vun verlenkte Sieden s\u00fcnd alleen de Bedrievers verantwoordlich. Oorheverrecht:De op d\u00fcsse Websteed verapentlichten Inhoolden staat [&hellip;]<\/p>\n","protected":false},"author":1,"featured_media":0,"parent":0,"menu_order":0,"comment_status":"closed","ping_status":"closed","template":"","meta":{"_themeisle_gutenberg_block_has_review":false,"footnotes":""},"class_list":["post-41200","page","type-page","status-publish","hentry"],"_links":{"self":[{"href":"http:\/\/sassenflagg.org\/de\/wp-json\/wp\/v2\/pages\/41200","targetHints":{"allow":["GET"]}}],"collection":[{"href":"http:\/\/sassenflagg.org\/de\/wp-json\/wp\/v2\/pages"}],"about":[{"href":"http:\/\/sassenflagg.org\/de\/wp-json\/wp\/v2\/types\/page"}],"author":[{"embeddable":true,"href":"http:\/\/sassenflagg.org\/de\/wp-json\/wp\/v2\/users\/1"}],"replies":[{"embeddable":true,"href":"http:\/\/sassenflagg.org\/de\/wp-json\/wp\/v2\/comments?post=41200"}],"version-history":[{"count":6,"href":"http:\/\/sassenflagg.org\/de\/wp-json\/wp\/v2\/pages\/41200\/revisions"}],"predecessor-version":[{"id":41389,"href":"http:\/\/sassenflagg.org\/de\/wp-json\/wp\/v2\/pages\/41200\/revisions\/41389"}],"wp:attachment":[{"href":"http:\/\/sassenflagg.org\/de\/wp-json\/wp\/v2\/media?parent=41200"}],"curies":[{"name":"wp","href":"https:\/\/api.w.org\/{rel}","templated":true}]}}

<p>Anbieter:<br>Kevin Behrens<br>Westerstr. 98-104<br>28199 Bremen</p>



<p>Kontakt:<br>E-Mail: info (at) sassenflagg.org<br>Website: www.sassenflagg.org</p>



<p>Bei redaktionalen Inhalten:<br>Verantwortlich gemäß § 18 Abs. 2 MStV<br>Kevin Behrens</p>



<p>Haftungsausschluss<br>Ich hafte nicht für die Inhalte externer Links, obwohl ich diese mit Sorgfalt überprüfe. Für den Inhalt von verlinkten Seiten sind ausschließlich die Betreiber verantwortlich.</p>



<p>Urheberrecht:<br>Die auf dieser Website veröffentlichten Inhalte unterstehen dem deutschen Urheberrecht. Vervielfältigung, Bearbeitung, Verbreitung und jegliche Art von Verwertung bedürfen der Zustimmung des Rechteinhabers.</p>

<p>Anbeder:Kevin BehrensWesterstr. 98-10428199 Bremen Kuntakt:E-Mail: info (at) sassenflagg.orgWebsite: www.sassenflagg.org Bi redakschonelle Inhoolden:Verantwoordlich na § 18 Afs. 2 MStVKevin Behrens Uutsloot vun&#8217;t Liekstaan:Ik kann nich för de Inhoolden vun externe Lenken liekstaan, liekers ik de mit Sorgvoligkeid överprööv. För den Inhoold vun verlenkte Sieden sünd alleen de Bedrievers verantwoordlich. Oorheverrecht:De op düsse Websteed verapentlichten Inhoolden staat [&hellip;]</p>
