{"id":25,"date":"2019-07-02T14:41:04","date_gmt":"2019-07-02T12:41:04","guid":{"rendered":"http:\/\/sassenvlagg.plattfoorm.de\/?page_id=25"},"modified":"2026-03-02T21:39:26","modified_gmt":"2026-03-02T20:39:26","slug":"daallaadsels","status":"publish","type":"page","link":"http:\/\/sassenflagg.org\/de\/daallaadsels\/","title":{"rendered":"Downloads"},"content":{"rendered":"<p>Hier findest du Dateien zum Herunterladen. Wenn du andere Formate brauchst, schreib uns einfach eine E-Mail an <strong>kuntakt@sassenflagg.org<\/strong>.<\/p>\n<p>Die Sassenflagg ist das gemeinsame Symbol von Plattdeutsch|Niedersasissch und der niederdeutschen|niedersassischen Sprechergruppe und urheberrechtlich gesch\u00fctzt. Sie ist 2013 von <strong>Kevin Behrens<\/strong> erstellt worden und steht unter der Lizenz <a href=\"https:\/\/creativecommons.org\/licenses\/by-sa\/4.0\/\">CC BY-SA 4.0<\/a> <em>Creative Commons <\/em>Bitte lies dir vorher durch, was beim Gebrauch der Flagge zu beachten ist auf der Seite <strong><a href=\"https:\/\/sassenflagg.org\/de\/lizens\/\" target=\"_blank\" rel=\"noopener\">Lizenz<\/a><\/strong>.\u00a0<\/p>\n<p><span style=\"font-size: revert;\">Die Flagge ist offiziell hier bei Wikimedia eingetragen: <\/span><a href=\"https:\/\/commons.wikimedia.org\/wiki\/File:Sassenflagg.png\" target=\"_blank\" rel=\"noopener\"><em>https:\/\/commons.wikimedia.org\/wiki\/File:Sassenflagg.png<\/em><\/a><\/p>\n<p>Hier gibt es die Vektordateien f\u00fcr den <a href=\"http:\/\/sassenflagg.org\/wp-content\/uploads\/2025\/10\/Sassenflagg-Druck.pdf\">Druck als PDF<\/a> (CMYK-Farben) und f\u00fcr <a href=\"http:\/\/sassenflagg.org\/wp-content\/uploads\/2025\/10\/Sassenflagg-Web-92e3d7.svg\">Web als .svg<\/a> (mit RGB-Farben). Eine sehr gro\u00dfe <a href=\"http:\/\/sassenflagg.org\/wp-content\/uploads\/2025\/10\/Sassenflagg.png\">.png-Datei<\/a> bekommst du hier zum Herunterladen.<\/p>\n\n\n<figure class=\"wp-block-image size-large\"><img fetchpriority=\"high\" decoding=\"async\" width=\"1024\" height=\"683\" src=\"http:\/\/sassenflagg.org\/wp-content\/uploads\/2025\/10\/Sassenflagg-1024x683.png\" alt=\"\" class=\"wp-image-41334\" srcset=\"http:\/\/sassenflagg.org\/wp-content\/uploads\/2025\/10\/Sassenflagg-1024x683.png 1024w, http:\/\/sassenflagg.org\/wp-content\/uploads\/2025\/10\/Sassenflagg-300x200.png 300w, http:\/\/sassenflagg.org\/wp-content\/uploads\/2025\/10\/Sassenflagg-768x512.png 768w, http:\/\/sassenflagg.org\/wp-content\/uploads\/2025\/10\/Sassenflagg-1536x1024.png 1536w, http:\/\/sassenflagg.org\/wp-content\/uploads\/2025\/10\/Sassenflagg-2048x1365.png 2048w\" sizes=\"(max-width: 1024px) 100vw, 1024px\" \/><\/figure>\n\n\n\n<p class=\"has-text-align-center\"><strong>\u201eSassenflagg \u00a9 Bunnsraat f\u00f6r Nedderd\u00fc\u00fctsch \/ Kevin Behrens \u2013 Lizenz&nbsp;<a href=\"https:\/\/creativecommons.org\/licenses\/by-sa\/4.0\/\">CC BY-SA 4.0<\/a>\u201c<\/strong><\/p>","protected":false},"excerpt":{"rendered":"<p>Hier vinnst du Dateien to&#8217;t Daalladen. Wenn du anner Formaten bruukst, schriev uns eenvack en Nettbreev an kuntakt@sassenflagg.org. De Sassenflagg is dat meensame Symbool vun Plattd\u00fc\u00fctsch|Neddersassisch un de plattd\u00fc\u00fctsche|neddersassische Sprekergrupp un oorheverrechtlich schuult. Se is 2013 vun Kevin Behrens opstellt worrn un steit \u00fcnner de Lizens CC BY-SA 4.0 Creative Commons. Bidde lees di v\u00f6\u00f6rher [&hellip;]<\/p>\n","protected":false},"author":1,"featured_media":0,"parent":0,"menu_order":0,"comment_status":"closed","ping_status":"closed","template":"","meta":{"_themeisle_gutenberg_block_has_review":false,"footnotes":""},"class_list":["post-25","page","type-page","status-publish","hentry"],"_links":{"self":[{"href":"http:\/\/sassenflagg.org\/de\/wp-json\/wp\/v2\/pages\/25","targetHints":{"allow":["GET"]}}],"collection":[{"href":"http:\/\/sassenflagg.org\/de\/wp-json\/wp\/v2\/pages"}],"about":[{"href":"http:\/\/sassenflagg.org\/de\/wp-json\/wp\/v2\/types\/page"}],"author":[{"embeddable":true,"href":"http:\/\/sassenflagg.org\/de\/wp-json\/wp\/v2\/users\/1"}],"replies":[{"embeddable":true,"href":"http:\/\/sassenflagg.org\/de\/wp-json\/wp\/v2\/comments?post=25"}],"version-history":[{"count":40,"href":"http:\/\/sassenflagg.org\/de\/wp-json\/wp\/v2\/pages\/25\/revisions"}],"predecessor-version":[{"id":41374,"href":"http:\/\/sassenflagg.org\/de\/wp-json\/wp\/v2\/pages\/25\/revisions\/41374"}],"wp:attachment":[{"href":"http:\/\/sassenflagg.org\/de\/wp-json\/wp\/v2\/media?parent=25"}],"curies":[{"name":"wp","href":"https:\/\/api.w.org\/{rel}","templated":true}]}}

<p>Hier findest du Dateien zum Herunterladen. Wenn du andere Formate brauchst, schreib uns einfach eine E-Mail an <strong>kuntakt@sassenflagg.org</strong>.</p>
<p>Die Sassenflagg ist das gemeinsame Symbol von Plattdeutsch|Niedersasissch und der niederdeutschen|niedersassischen Sprechergruppe und urheberrechtlich geschützt. Sie ist 2013 von <strong>Kevin Behrens</strong> erstellt worden und steht unter der Lizenz <a href="https://creativecommons.org/licenses/by-sa/4.0/">CC BY-SA 4.0</a> <em>Creative Commons </em>Bitte lies dir vorher durch, was beim Gebrauch der Flagge zu beachten ist auf der Seite <strong><a href="https://sassenflagg.org/de/lizens/" target="_blank" rel="noopener">Lizenz</a></strong>. </p>
<p><span style="font-size: revert;">Die Flagge ist offiziell hier bei Wikimedia eingetragen: </span><a href="https://commons.wikimedia.org/wiki/File:Sassenflagg.png" target="_blank" rel="noopener"><em>https://commons.wikimedia.org/wiki/File:Sassenflagg.png</em></a></p>
<p>Hier gibt es die Vektordateien für den <a href="http://sassenflagg.org/wp-content/uploads/2025/10/Sassenflagg-Druck.pdf">Druck als PDF</a> (CMYK-Farben) und für <a href="http://sassenflagg.org/wp-content/uploads/2025/10/Sassenflagg-Web-92e3d7.svg">Web als .svg</a> (mit RGB-Farben). Eine sehr große <a href="http://sassenflagg.org/wp-content/uploads/2025/10/Sassenflagg.png">.png-Datei</a> bekommst du hier zum Herunterladen.</p>


<figure class="wp-block-image size-large"><img fetchpriority="high" decoding="async" width="1024" height="683" src="http://sassenflagg.org/wp-content/uploads/2025/10/Sassenflagg-1024x683.png" alt="" class="wp-image-41334" srcset="http://sassenflagg.org/wp-content/uploads/2025/10/Sassenflagg-1024x683.png 1024w, http://sassenflagg.org/wp-content/uploads/2025/10/Sassenflagg-300x200.png 300w, http://sassenflagg.org/wp-content/uploads/2025/10/Sassenflagg-768x512.png 768w, http://sassenflagg.org/wp-content/uploads/2025/10/Sassenflagg-1536x1024.png 1536w, http://sassenflagg.org/wp-content/uploads/2025/10/Sassenflagg-2048x1365.png 2048w" sizes="(max-width: 1024px) 100vw, 1024px" /></figure>



<p class="has-text-align-center"><strong>„Sassenflagg © Bunnsraat för Nedderdüütsch / Kevin Behrens – Lizenz&nbsp;<a href="https://creativecommons.org/licenses/by-sa/4.0/">CC BY-SA 4.0</a>“</strong></p>

<p>Hier vinnst du Dateien to&#8217;t Daalladen. Wenn du anner Formaten bruukst, schriev uns eenvack en Nettbreev an kuntakt@sassenflagg.org. De Sassenflagg is dat meensame Symbool vun Plattdüütsch|Neddersassisch un de plattdüütsche|neddersassische Sprekergrupp un oorheverrechtlich schuult. Se is 2013 vun Kevin Behrens opstellt worrn un steit ünner de Lizens CC BY-SA 4.0 Creative Commons. Bidde lees di vöörher [&hellip;]</p>
